{"id":219,"date":"2022-01-06T19:44:21","date_gmt":"2022-01-06T19:44:21","guid":{"rendered":"http:\/\/nowa.parafia-czersk.pl\/word2\/?page_id=219"},"modified":"2022-01-06T19:44:21","modified_gmt":"2022-01-06T19:44:21","slug":"betanska-misja-wspierania-kaplanow%e2%80%89","status":"publish","type":"page","link":"https:\/\/www.parafia-czersk.pl\/?page_id=219","title":{"rendered":"Beta\u0144ska Misja Wspierania Kap\u0142an\u00f3w&nbsp;"},"content":{"rendered":"<p>51 os\u00f3b wspie\u00adra\u00adj\u0105\u00adcych modli\u00adtw\u0105 kap\u0142an\u00f3w.<\/p>\n","protected":false},"excerpt":{"rendered":"<p>51 os\u00f3b wspie\u00adra\u00adj\u0105\u00adcych modli\u00adtw\u0105 kap\u0142an\u00f3w.<\/p>\n","protected":false},"author":1,"featured_media":0,"parent":29,"menu_order":0,"comment_status":"closed","ping_status":"closed","template":"","meta":{"pagelayer_contact_templates":[],"_pagelayer_content":"","wp_typography_post_enhancements_disabled":false,"footnotes":""},"class_list":["post-219","page","type-page","status-publish","hentry"],"aioseo_notices":[],"_links":{"self":[{"href":"https:\/\/www.parafia-czersk.pl\/index.php?rest_route=\/wp\/v2\/pages\/219","targetHints":{"allow":["GET"]}}],"collection":[{"href":"https:\/\/www.parafia-czersk.pl\/index.php?rest_route=\/wp\/v2\/pages"}],"about":[{"href":"https:\/\/www.parafia-czersk.pl\/index.php?rest_route=\/wp\/v2\/types\/page"}],"author":[{"embeddable":true,"href":"https:\/\/www.parafia-czersk.pl\/index.php?rest_route=\/wp\/v2\/users\/1"}],"replies":[{"embeddable":true,"href":"https:\/\/www.parafia-czersk.pl\/index.php?rest_route=%2Fwp%2Fv2%2Fcomments&post=219"}],"version-history":[{"count":1,"href":"https:\/\/www.parafia-czersk.pl\/index.php?rest_route=\/wp\/v2\/pages\/219\/revisions"}],"predecessor-version":[{"id":220,"href":"https:\/\/www.parafia-czersk.pl\/index.php?rest_route=\/wp\/v2\/pages\/219\/revisions\/220"}],"up":[{"embeddable":true,"href":"https:\/\/www.parafia-czersk.pl\/index.php?rest_route=\/wp\/v2\/pages\/29"}],"wp:attachment":[{"href":"https:\/\/www.parafia-czersk.pl\/index.php?rest_route=%2Fwp%2Fv2%2Fmedia&parent=219"}],"curies":[{"name":"wp","href":"https:\/\/api.w.org\/{rel}","templated":true}]}}