{"id":221,"date":"2022-01-06T19:46:01","date_gmt":"2022-01-06T19:46:01","guid":{"rendered":"http:\/\/nowa.parafia-czersk.pl\/word2\/?page_id=221"},"modified":"2022-01-06T19:46:01","modified_gmt":"2022-01-06T19:46:01","slug":"grupa-modlitewna","status":"publish","type":"page","link":"https:\/\/www.parafia-czersk.pl\/?page_id=221","title":{"rendered":"Grupa Modlitewna"},"content":{"rendered":"<p>10 os\u00f3b, kt\u00f3\u00adre na p\u0142asz\u00adczy\u017a\u00adnie ducho\u00adwej wspie\u00adra\u00adj\u0105 \u017cycie para\u00adfial\u00adne, coty\u00adgo\u00addnio\u00adwe spo\u00adtka\u00adnia for\u00adma\u00adcyj\u00adne (w ka\u017c\u00add\u0105&nbsp;\u015brod\u0119),<\/p>\n","protected":false},"excerpt":{"rendered":"<p>10 os\u00f3b, kt\u00f3\u00adre na p\u0142asz\u00adczy\u017a\u00adnie ducho\u00adwej wspie\u00adra\u00adj\u0105 \u017cycie para\u00adfial\u00adne, coty\u00adgo\u00addnio\u00adwe spo\u00adtka\u00adnia for\u00adma\u00adcyj\u00adne (w ka\u017c\u00add\u0105&nbsp;\u015brod\u0119),<\/p>\n","protected":false},"author":1,"featured_media":0,"parent":29,"menu_order":0,"comment_status":"closed","ping_status":"closed","template":"","meta":{"pagelayer_contact_templates":[],"_pagelayer_content":"","wp_typography_post_enhancements_disabled":false,"footnotes":""},"class_list":["post-221","page","type-page","status-publish","hentry"],"aioseo_notices":[],"_links":{"self":[{"href":"https:\/\/www.parafia-czersk.pl\/index.php?rest_route=\/wp\/v2\/pages\/221","targetHints":{"allow":["GET"]}}],"collection":[{"href":"https:\/\/www.parafia-czersk.pl\/index.php?rest_route=\/wp\/v2\/pages"}],"about":[{"href":"https:\/\/www.parafia-czersk.pl\/index.php?rest_route=\/wp\/v2\/types\/page"}],"author":[{"embeddable":true,"href":"https:\/\/www.parafia-czersk.pl\/index.php?rest_route=\/wp\/v2\/users\/1"}],"replies":[{"embeddable":true,"href":"https:\/\/www.parafia-czersk.pl\/index.php?rest_route=%2Fwp%2Fv2%2Fcomments&post=221"}],"version-history":[{"count":1,"href":"https:\/\/www.parafia-czersk.pl\/index.php?rest_route=\/wp\/v2\/pages\/221\/revisions"}],"predecessor-version":[{"id":222,"href":"https:\/\/www.parafia-czersk.pl\/index.php?rest_route=\/wp\/v2\/pages\/221\/revisions\/222"}],"up":[{"embeddable":true,"href":"https:\/\/www.parafia-czersk.pl\/index.php?rest_route=\/wp\/v2\/pages\/29"}],"wp:attachment":[{"href":"https:\/\/www.parafia-czersk.pl\/index.php?rest_route=%2Fwp%2Fv2%2Fmedia&parent=221"}],"curies":[{"name":"wp","href":"https:\/\/api.w.org\/{rel}","templated":true}]}}